ose -37 + 45 = 2*o. What is the highest common divisor of o and 268?
4
Let m = 4 - 0. Suppose 2*v = 5*k - 497, -m*v + 169 = -3*k + 470. Let n be -1*(0 - -2 - 13). What is the greatest common divisor of k and n?
11
Let x = 4 - 0. Suppose 2*m = 8 + x. Let v(q) = 2*q - 8. Let g be v(m). What is the greatest common divisor of 32 and g?
4
Suppose -2*i - 58 - 120 = -k, -3*i = k - 173. Let q(f) = 2*f**2 + 75*f - 877. Let j be q(-47). What is the highest common factor of k and j?
16
Let b(m) = m**3 + 3*m**2 - 24*m - 63. Let v be b(-5). Calculate the highest common divisor of v and 301.
7
Let n be 9 - ((10 - -1 - 8) + -6 + 1). Suppose -m - 4*x - 11 = 0, m + 3 = -x + 1. What is the highest common divisor of n and m?
1
Suppose -2*b + 0*f - 4*f + 350 = 0, b = -f + 172. Calculate the greatest common divisor of 39 and b.
13
Let n(r) = -r**3 + 3*r**2 + 6*r - 4. Let t be n(4). Let f be 1*((-4 - -4) + t). What is the highest common factor of 4 and f?
4
Suppose -762 = 3*y - 0*y. Let r = y - -100. Let g = -42 - r. Calculate the greatest common divisor of g and 14.
14
Let b = -532 - -1028. What is the greatest common divisor of 48 and b?
16
Suppose 40 = -2*z + 6*z. Suppose g - s - 19 = 4*g, -3*s = g + 9. Let o be 105/z*(-64)/g. What is the highest common divisor of o and 14?
14
Let i = -1054 + 1529. Suppose u + 0*u - 165 = m, -3*u - m = -i. Calculate the highest common factor of u and 16.
16
Let i = -8 - -4. Let h(s) = -12*s. Let g be h(i). What is the greatest common factor of 6 and g?
6
Let d be (-35)/(-2)*(-352)/(-616). What is the highest common factor of d and 185?
5
Suppose 48 = 2*z + 4*y - 2*y, 4*y - 40 = -2*z. Let f = 11515 + -11513. Calculate the greatest common divisor of z and f.
2
Suppose 0 = -q - 4*q - 525. Let n = 193 + q. Suppose 3*m - 9 - 15 = 0. Calculate the highest common factor of n and m.
8
Let s = -22 + 23. Let j(w) = 15*w**2 + w - 1. Let c be j(s). Calculate the greatest common divisor of c and 30.
15
Let r(x) = x**3 + 11*x**2 - 45*x + 11. Let g be r(-13). Let p(o) = 44*o**2 - 1. Let d be p(-1). Calculate the greatest common factor of d and g.
43
Suppose 3*p + p + 132 = 0. Let s = p - -69. Suppose 3*w - 3*g - s = 0, -4*w + g + g + 40 = 0. What is the greatest common factor of 20 and w?
4
Let q be 26/8 + 2/(-8). Let d(w) = w**3 + 7*w**2 - 9*w - 1. Let k be d(-8). Let a be (-2)/k + (-4 - (-306)/42). What is the greatest common divisor of q and a?
3
Let f = -7 + 11. Suppose f*s - 21 = 259. Calculate the greatest common factor of 7 and s.
7
Suppose 3 = -8*b + 75. Suppose -4*x + 87 = 15. Calculate the greatest common factor of b and x.
9
Let c(y) = 52*y**2 + 2*y - 5. Let v be c(2). Calculate the greatest common factor of v and 18.
9
Suppose -6*q + 13 = -5*q. Let y = -6 + q. Let d be 28/2*20/20. Calculate the greatest common divisor of y and d.
7
Suppose -3*p - 285 = -2*d, 2*p = 12 - 10. Calculate the greatest common factor of d and 72.
72
Suppose 18 = -46*r + 49*r. Calculate the greatest common factor of 30 and r.
6
Suppose 5*i - 3*i = 5*l - 97, -3*l - 3*i = -75. Let m = -171 + 174. What is the highest common factor of l and m?
3
Let c(g) = 2*g**2 - g. Let k be c(-1). Suppose -82 = -k*u + 23. Let q = u + -24. What is the highest common factor of q and 11?
11
Suppose 0 = 3*k + 2*k + 125. Let t(b) = b**3 + 16*b**2 - 16*b - 68. Let j be t(-17). Let f = k - j. Calculate the greatest common factor of 24 and f.
12
Let z = -16 - -93. Let k be 91/2*1320/z. Suppose -x - 14 = 3*j - 218, 4*x + 3*j = k. What is the greatest common divisor of x and 24?
24
Let m be 0*2/(-4)*1. Let c be m + 2 - -86*1. Let y(g) = g**3 - 8*g**2 - 8*g - 1. Let s be y(9). What is the greatest common divisor of c and s?
8
Let g be (42/15)/(1/25). Suppose 4*j = g + 1010. What is the highest common factor of 27 and j?
27
Suppose 0*h + 2*h = 3*p + 28, 0 = -p. Let f = 45 - 17. Calculate the highest common factor of f and h.
14
Let m = 12 - 24. Let j be (m/3 + -2)*-3. Suppose -j*a = -16*a - 26. What is the greatest common divisor of 13 and a?
13
Suppose 0 = 2*s - 8*s + 1536. What is the highest common divisor of s and 8?
8
Let b = -38 - -34. Let m(i) = -11*i + 10. Let f be m(b). What is the greatest common divisor of 6 and f?
6
Let v = 13 + -10. Suppose 0 = 2*q + v + 11. Let l = 45 + q. Calculate the greatest common divisor of 19 and l.
19
Suppose 0*f = -5*f + 5*q + 95, -3*f + 5*q + 47 = 0. Calculate the highest common divisor of 16 and f.
8
Let u be 2/(-5 + 1791/357). Let j(w) = -w + 7. Let f be j(5). Suppose 37 = 2*k - 3*l - 0, -31 = -f*k - 3*l. Calculate the greatest common divisor of k and u.
17
Let a be ((-36)/(-28) - -1) + (-6)/21. Suppose 2*g = 2*x - 0*x - 174, 0 = -5*x + a*g + 429. Calculate the highest common factor of 34 and x.
17
Suppose 12*i = 711 + 261. Calculate the greatest common factor of i and 108.
27
Let u(q) = q**3 + 11*q**2 + 17*q - 15. Let a be u(-8). Calculate the greatest common divisor of a and 451.
41
Let k = -8 - 2. Let i be 3/2 + (-1085)/k. Suppose 3*z + 37 = s, z = 4*s + 26 - 119. What is the greatest common divisor of i and s?
22
Suppose -3*a = 2*z + 2*a - 37, -2*z - 3*a = -31. Calculate the highest common divisor of z and 99.
11
Let v(o) = -o + 7 + 3 + 1. Let m be v(7). Let j be 0/m + 2 - 0. Calculate the greatest common factor of 4 and j.
2
Let p be (6/7)/(1/(-196)). Let w = p + 249. Let l(g) = g**3 - 10*g**2 + 24*g - 12. Let b be l(7). Calculate the greatest common factor of w and b.
9
Let t = 14 - 10. Let h(f) = f**2 - 3*f - 6. Let b be h(6). Suppose 4*r = 2*y - 5*y + 47, 0 = -4*r + t*y + b. Calculate the highest common factor of r and 56.
8
Let x(n) = 3*n**2 - 6*n + 2. Let t be x(4). Let m = 41 - t. Suppose -22 - 8 = -5*q. Calculate the highest common divisor of q and m.
3
Let v(n) = n**3 - 10*n**2 + 6*n + 27. Let f be v(9). Let m(o) = 3*o + 2. Let g be m(f). What is the greatest common divisor of 22 and g?
2
Suppose -5*l = 10, -2*n = -17*l + 12*l - 822. Calculate the greatest common factor of n and 126.
14
Suppose 474 = 34*r - 512. What is the highest common factor of 841 and r?
29
Let t(l) = 0*l + 5*l + 9 + 2. Let u(w) = -2*w - 5. Let d(f) = -3*t(f) - 5*u(f). Let x be d(-4). What is the highest common factor of 48 and x?
12
Suppose j - 3*u = 140, 94*j + 560 = 98*j + 2*u. What is the greatest common factor of j and 42?
14
Let m be 3/((-13)/(-14) + (-18)/36). Suppose 4*g = 40 + 212. Calculate the greatest common factor of m and g.
7
Let k be 7 - -4 - (0 - -4). Let v(m) = -m**3 + 9*m**2 - 7*m - 13. Let x be v(k). Calculate the greatest common divisor of x and 12.
12
Let h = 107 - 125. Let a be 36/h*34/(-4). Calculate the highest common factor of a and 17.
17
Suppose 48 = l - 4*p, -3*l + 3*p = -7*l + 173. Calculate the greatest common factor of 517 and l.
11
Let d be (-4)/1 - (-710)/30*15. Calculate the greatest common divisor of d and 78.
39
Let u = -456 + 464. Calculate the greatest common factor of u and 28.
4
Let a(u) = -u**3 + 13*u**2 + u - 11. Let q be a(13). Suppose -z = -q*z + 2. Suppose -3 = -6*g + 3*g. Calculate the greatest common divisor of z and g.
1
Let n be (-1564)/(-26) + (-1848)/(-156) + -12. What is the highest common factor of 60 and n?
60
Let v be 1215 + 9/(108/120). What is the greatest common divisor of 49 and v?
49
Let s be (-9)/12 + 3 + 25/(-20). Let f be 26 + 4/2*s. Calculate the highest common divisor of 14 and f.
14
Let p be (-3)/2*40/(-3). Suppose 0 = 6*w - 2*w - p, 4*g - w = 43. Suppose 240 = -2*m + 6*m. What is the greatest common factor of g and m?
12
Let c = -1 - -4. Suppose -4*u = -c*v - 222, -v = -0*v + 2. Suppose j - 11 = -5*p, j - p - 3*p - 2 = 0. Calculate the greatest common divisor of u and j.
6
Let y(l) be the second derivative of l**3/2 + 13*l**2/2 - 34*l. Let w = 17 + -8. Let n be y(w). What is the greatest common factor of n and 8?
8
Suppose -3*z + 3 + 3 = 0. Suppose 12*s = 9*s. Let i be 0 - -12*(z - s). Calculate the highest common factor of i and 12.
12
Let b(w) = w**3 + 11*w**2 + 5*w + 22. Let v be b(-10). Calculate the greatest common divisor of v and 63.
9
Let z be ((-57)/(-6))/((-5)/(-30)). Suppose 6 = -n + z. Calculate the highest common divisor of n and 34.
17
Let x(q) = -4*q**2 - 28*q + 6. Let b be x(-7). What is the highest common factor of 39 and b?
3
Suppose -3*f = 4*u - 0*f + 112, 0 = 3*f. Let 